is (0 - (6 - 7)) + 2?
3
Evaluate -1 + (-1 - (-1 - -4)).
-5
Calculate (1 - -1) + -7 + (6 - 4).
-3
Evaluate 0 + 5 + -8 + 2.
-1
What is -2 + -3 + 1 + 4?
0
-1 - (2 - (3 + (0 - 0)))
0
(0 - 6 - -8) + -2 + -6
-6
What is -1 + -1 + (-4 - 0 - -4)?
-2
What is the value of 1 + (2 - (6 - 0))?
-3
Evaluate -1 + (-5 - 2) - (-6 - -3).
-5
What is 0 - (3 - -2) - -1?
-4
Calculate 2 + (7 - 10) + 9.
8
Calculate 2 - ((-1 - -3 - -3) + -3).
0
Calculate -4 + 0 + -1 + 4 - 4.
-5
Calculate 4 + -3 + (5 - 7) + -3.
-4
Calculate -4 + 4 - 0 - -4.
4
What is (13 - 6 - -11) + -9?
9
What is the value of 8 + (7 - 0 - (30 - 6))?
-9
What is (8 - 0) + -15 + 1?
-6
6 - (10 + -15 + 2 + 14)
-5
What is the value of -15 - ((-17 - -2) + 6)?
-6
Calculate (-2 - (-2 - -5)) + -3 + 13.
5
Evaluate (-11 + 1 - (0 - 2)) + 4.
-4
What is the value of 8 - (-6 - (6 - 13))?
7
Evaluate -1 - (4 - (0 + 0)).
-5
Calculate 6 - (4 - -1) - -1 - 2.
0
Calculate 3 - (-2 - (-2 - -1)).
4
What is 0 - (-4 + 6) - -4?
2
Evaluate (5 - (9 - (3 + -2))) + -2.
-5
What is 10 - ((-8 - -23) + 1)?
-6
What is the value of -4 + 2 + (-5 + 6 - -4)?
3
What is -3 + 2 + 3 - 7?
-5
Calculate -20 + 15 + (-1 - -14).
8
2 + 0 - (12 - (12 - 0))
2
-2 - (6 - 1 - 9)
2
What is -2 - (-4 - (2 + 2 - 2))?
4
What is -9 + -2 + 8 + -5?
-8
2 + -1 - (1 + 1 + -1)
0
Evaluate -12 + 7 + 9 - (-1 + 0).
5
What is the value of 5 + -6 + (-7 - -4)?
-4
Evaluate 3 + (-2 - (4 - 4)).
1
Calculate (1 - -15) + -16 + 11 + -5.
6
What is 2 - ((1 - 3) + 0 + 5)?
-1
Evaluate -2 + (-4 - (-8 - 5)).
7
Calculate (-5 - 0 - -3) + 2.
0
10 + (-7 + 1 - 0)
4
2 + (10 - 14) + -4
-6
Evaluate -2 - ((-49 - -53) + 0 + -8).
2
Calculate (4 - 0) + (1 - (1 - -3)).
1
Calculate -7 + -1 + (3 - 0) - -1.
-4
Calculate -8 - (-9 + -1 + (-2 - -8)).
-4
Calculate -15 - (-12 + 11) - -12.
-2
(22 - 15) + -1 + 0 + -7
-1
What is the value of (5 - (1 + -4)) + -2 - 3?
3
What is the value of -11 + 6 - -1 - -9?
5
Evaluate 7 + -4 + (8 - (7 + -3)).
7
Evaluate (-7 - (-7 + -3)) + 0.
3
-2 + 3 - (1 + -2)
2
What is -2 - (-8 + (1 - -1))?
4
What is the value of -1 - -5 - (11 + -13)?
6
What is the value of 3 + 5 - 18 - -6?
-4
Evaluate -7 + -2 + -2 + 3 - -1.
-7
(25 + -26 - (1 - 2)) + 0
0
What is (4 - 11) + (1 - -1)?
-5
What is the value of 7 + -2 - 3 - 4?
-2
What is 16 - 2 - (6 + 4)?
4
Evaluate -7 + 15 + -3 + -8.
-3
What is the value of 2 - (1 - -3 - 9)?
7
Evaluate 22 + -41 - (0 - 11).
-8
Evaluate 16 - 12 - (1 + 10) - -3.
-4
What is the value of -4 - -1 - (25 - 28)?
0
What is -7 + 0 - -5 - 5 - -2?
-5
0 + 3 - -1 - (7 + -6)
3
Calculate 5 + (0 - (-6 + 3)) + -2.
6
Calculate 8 - (5 + (-10 - -13)).
0
-7 + 1 - (6 - 16)
4
Evaluate -2 - (-4 - (3 + 0 + -2)).
3
What is 7 - 12 - (-21 - -7)?
9
Calculate -7 + 2 - -9 - 5.
-1
What is 5 - ((-3 - -5) + 2 - 2)?
3
Evaluate (-1 - (2 - 9)) + -35 + 30.
1
What is (-7 - -7) + 2 + 1?
3
22 + -18 + -2 + 1 + 5
8
Evaluate 8 - ((8 - -16) + -9).
-7
Evaluate 4 + -11 + -9 + 14.
-2
(-6 - 3) + 6 - -3
0
(-3 - 2 - 9 - -4) + 5
-5
Calculate -7 + -1 + 4 + -1.
-5
Evaluate 6 - 1 - (27 - 19).
-3
Calculate 2 + 1 + -6 - (-9 + 3).
3
What is the value of -14 + -1 + (23 - 14)?
-6
What is the value of -8 - -5 - (-1 - (4 - 2))?
0
Calculate 0 - 7 - (15 + 0 + -14).
-8
5 - ((-14 - -21) + -12)
10
Calculate 1 + 1 - (-2 + 2).
2
What is the value of 0 + (3 - (7 + -3))?
-1
What is the value of -6 - 5 - (-6 + 0)?
-5
Calculate -7 + 4 - (-5 + 1).
1
Calculate 6 - (11 + 4 + -5).
-4
What is (-1 - -5) + -5 + -2?
-3
Evaluate 9 + -6 + -4 + -2.
-3
What is the value of -7 + (-1 + 7 - (0 + 4))?
-5
(3 - (3 + 1)) + 3 + 0
2
Calculate 1 - (-4 - -8) - -8.
5
-7 + (2 - 7) + 3
-9
Evaluate 6 + (-3 + 4 + -5 - 11).
-9
Calculate 0 + -5 + 9 + (-8 - 0).
-4
What is -9 - (6 + -14 + -4)?
3
What is 0 - -3 - (0 + -2)?
5
Calculate 4 + (-1 - (-5 + -4 + 8)).
4
Evaluate -3 - (-1 + 0 + (-2 - -3)).
-3
4 + 2 + 6 + -7 + -3
2
Evaluate -2 + 4 + 6 + -12 + 4.
0
Evaluate -3 + -1 + (3 + -5 - -4).
-2
(0 + -1 - -1) + (2 - 3)
-1
Evaluate 0 - (-3 + 0 + (7 - 4)).
0
What is -16 - -6 - (-1 - 7 - -4)?
-6
Calculate (-13 - (-4 + -2)) + 13.
6
What is the value of 91 + -89 - (0 - -1 - -2)?
-1
Evaluate 3 - 3 - (-4 - (4 + -9)).
-1
What is the value of -54 + 53 + (1 - 1 - -1)?
0
Calculate -2 + 2 + (3 - 0) + -6.
-3
10 - 3 - (-32 - -33)
6
-20 - (-20 + 1 - -7)
-8
What is 10 - (7 - 3 - (-7 + 5))?
4
What is 4 + -1 + 0 + (-1 - -1)?
3
Calculate 10 + -32 + 14 - -16.
8
Evaluate -8 + 8 + 0 - -7.
7
What is 3 + (0 - 11) - -8?
0
Evaluate 3 + -9 + -8 + 15 + -8.
-7
What is the value of 6 - (1 - (-1 + -1)) - -3?
6
-5 + 10 - 9 - -4
0
What is the value of 1 - 5 - (-10 + 22 - 16)?
0
What is 13 - 9 - (3 - (-3 + 8))?
6
Evaluate (4 - 9) + 5 + -9.
-9
0 - (0 + -3 + 2)
1
Evaluate 0 - -1 - (-27 - -26).
2
What is -3 + -3 + 10 - 10?
-6
What is the value of 12 + (-4 - (0 - 2 - -4))?
6
What is 4 + 5 + 2 + -4?
7
What is 1 - (4 + -9 + (5 - -1))?
0
What is the value of 0 + (-1 - 1 - 5)?
-7
What is -6 + (-13 + 11 - (-2 - 2))?
-4
What is -3 + 19 + (2 - 12)?
6
Calculate -3 - 3 - 4 - -5.
-5
What is 3 + (-1 - 2 - -1 - 4)?
-3
Evaluate -3 - 0 - (0 - (3 + 4)).
4
What is the value of 1 + -3 - (2 + -3)?
-1
(-9 - -7) + -2 + 2
-2
What is -7 + 3 + 1 + 2 + -4?
-5
What is the value of 9 + -4 + -3 + -1?
1
What is 22 + -11 + -7 - (12 - 1)?
-7
-2 + 6 - (-2 - (-3 - 0))
3
What is -6 + 4 - -9 - 4?
3
Evaluate 3 - (2 + (2 - 7)) - 2.
4
Evaluate -4 - ((-4 - 0) + 1) - 1.
-2
Calculate 6 - ((-1 - -9) + -3).
1
What is the value of 1 + 7 + -9 - (0 - -2)?
-3
What is the value of 1 - (-3 + 3 - 5)?
6
What is 1 + -1 - (-7 - (6 - 8))?
5
What is the value of 28 + -31 + 0 + 8?
5
What is the value of 0 - (-26 - -22 - (-3 - -1))?
2
What is the value of -3 - (4 - (3 - 1))?
-5
What is (-28 - -26) + 0 + (0 - 1)?
-3
Calculate (-1 - 1) + 7 + (-29 - -16).
-8
What is the value of -1 - (-3 - (-4 - -3))?
1
Evaluate (11 - 6) + (-2 - (7 + -4)).
0
What is -5 - (-10 + -4 - -5)?
4
Evaluate 1 - 16 - (-26 - -11).
0
What is 21 + -31 - (-6 + 0)?
-4
What is the value of -3 + (-1 - -3) + 66 + -63?
2
(2 - 6 - -10) + -2
4
(-4 - (-7 + 5)) + 3
1
What is (2 - 3 - (-5 + -2)) + -2?
4
Evaluate -3 + 2 + 4 + -2.
1
Calculate 15 + (2 - (8 + -2)) + -5.
6
What is -7 + 0 + (4 - (4 - 4))?
-3
What is -2 - (-5 - -2) - 0?
1
Evaluate 1 - (-2 + 1 + 1).
1
Calculate 3 + -5 + 2 - -2.
2
What is the value of 2 + -6 + (2 - -3)?
1
What is the value of (-2 - 0 - (-2 + 4)) + 9?
5
(10 - 2 - (2 + -2)) + -16
-8
What is the value of (2 - -1) + -2 + -1 + 2?
2
Evaluate 3 + -8 + (-4 - -8).
-1
-6 + 1 - (-1 + -1)
-3
What is the value of 6 - (8 + -3 + 1)?
0
Evaluate 0 - (4 + 6 + -5 - 11).
6
What is the value of 2 + 3 + 0 - 5?
0
What is the value of -8 + (-6 - (1 + -10)) - 4?
-9
Calculate 7 + -5 - 1 - (-1 + -2).
4
What is -15 + 16 - (2 - 5)?
4
Calculate (5 - (1 + 5)) + 6.
5
What is 53 + -63 + 5 + (1 - 0)?
-4
(0 - -1) + (28 - 27) - -4
6
Calculate 6 + (1 + -5 - 14) - -5.
-7
What is (5 - 0) + (-5 - -6 - 5)?
1
What is the value of 6 + -13 + 0 + 1 + 1?
-5
Calculate 1 + (-2 - -4) - (1 - 0).
2
(7 - 13) + 13 + -2
5
What is the value of -11 + (-2 - -16) + 1 + -10?
-6
What is (-2 - 2 - -8) + -2?
2
What is (1 - 8) + 6 + 7?
6
3 + -3 - 0 - 2
-2
What is the value of -3 + -1 + -2 - -2?
-4
What is 0 + (1 - 0) + 2?
3
-1 + (5 - 3) + -2 + 7
6
Evaluate (0 - (1 + 0) - -3) + -1.
1
-5 + 11 - (0 + 2)
4
What is the value of (1 - ((-9 - -5) + 2)) + -6?
-3
What is -1 + (2 - 0 - -4)?
5
Calculate -1 - ((-4 - -7) + 0).
-4
What is the value of 2 + -3 + 8 - (2 + 1)?
4
What is (1 - 8) + -9 + 23?
7
What is the value of -1 - (-4 + 5 + -8 - -8)?
-2
What is -7 + (-14 - -7 - (2 - 7))?
-9
What is 20 - 17 - (-1 + 1 - 2)?
5
9 + -4 - (1 + -2 + 2)
4
Calculate 101 + -115 - (1 - 14).
-1
41 - 46 - (-10 - 0)
5
(-1 - -7 - 3) + -4 + -1
-2
What is the value of 15 + -4 + (-10 - -6)?
7
What is 22 - 34 - (3 + -1 + -4)?
-10
Evaluate -3 + 0 + (-3 - -1 - -1).
-4
What is 13 - 2 - (6 - -2)?
3
What is (3 - (4 + 1 - -5)) + 2?
-5
(-1 - -3) + (-1 - (0 - -3))
-2
What is (3 - -6) + -84 + 78?
3
Calculate (-2 - -2) + 3 + -2.
1
Evaluate -122 + 125 - (-1 - 4).
8
Calculate 0 - 5 - -1 - -8.
4
What is the value of 1 + (-6 - (2 + -6))?
-1
Evaluate -9 + 8 + (3 - 3).
-1
Calculate -4 - (3 + -3) - (1 + -4).
-1
What is the value of -14 + 4 - -22 - 10?
2
8 + 8 + -11 + -7
-2
Evaluate (10 - 15) + (3 - 1).
-3
-1 + 2 + -2 - (-40 - -34)
5
1 + -3 + (-6 - -13)
5
Evaluate 13 + -4 + -6 - 1.
2
What is the va